sor of 494 and 26.
26
What is the highest common divisor of 2000 and 64?
16
What is the highest common divisor of 217 and 62?
31
What is the highest common factor of 135 and 108?
27
What is the highest common divisor of 18 and 10?
2
Calculate the highest common factor of 84 and 24.
12
What is the highest common divisor of 119 and 14?
7
What is the greatest common factor of 731 and 43?
43
Calculate the greatest common divisor of 33 and 264.
33
Calculate the highest common factor of 29556 and 36.
36
What is the highest common divisor of 210 and 2667?
21
What is the highest common factor of 5123 and 47?
47
What is the greatest common divisor of 198 and 264?
66
Calculate the greatest common divisor of 36 and 3618.
18
Calculate the greatest common divisor of 107 and 5243.
107
What is the highest common factor of 21 and 1211?
7
What is the highest common divisor of 20 and 8?
4
Calculate the highest common factor of 120 and 24.
24
Calculate the highest common divisor of 5921 and 93.
31
What is the greatest common divisor of 2282 and 854?
14
Calculate the greatest common divisor of 70 and 12530.
70
What is the greatest common factor of 5 and 8?
1
Calculate the greatest common divisor of 2249 and 346.
173
What is the highest common divisor of 682 and 22?
22
Calculate the greatest common factor of 6 and 202.
2
What is the greatest common factor of 42 and 78?
6
Calculate the greatest common divisor of 4 and 143.
1
What is the greatest common divisor of 13800 and 2100?
300
Calculate the highest common divisor of 15 and 115.
5
What is the highest common divisor of 80 and 140?
20
What is the highest common factor of 10 and 42?
2
Calculate the highest common divisor of 7475 and 23.
23
What is the greatest common factor of 4917 and 363?
33
What is the greatest common divisor of 1387 and 247?
19
Calculate the highest common divisor of 108 and 360.
36
What is the highest common factor of 35980 and 35?
35
Calculate the greatest common divisor of 209 and 33.
11
What is the highest common factor of 96 and 108?
12
What is the greatest common factor of 9 and 927?
9
What is the greatest common factor of 75 and 60?
15
What is the greatest common factor of 1258 and 68?
34
Calculate the highest common divisor of 5 and 15.
5
What is the greatest common divisor of 561 and 209?
11
Calculate the greatest common divisor of 13 and 114049.
13
Calculate the highest common factor of 4204 and 4.
4
What is the greatest common divisor of 378 and 54?
54
What is the greatest common factor of 58 and 7946?
58
Calculate the greatest common divisor of 360 and 60.
60
Calculate the highest common divisor of 208 and 13.
13
What is the greatest common factor of 1577 and 38?
19
Calculate the highest common divisor of 88 and 77.
11
What is the greatest common divisor of 96 and 3?
3
What is the highest common divisor of 14 and 12026?
14
Calculate the highest common factor of 219 and 8468.
73
Calculate the greatest common factor of 256 and 24.
8
What is the greatest common divisor of 1078 and 66?
22
Calculate the highest common divisor of 121 and 33.
11
What is the greatest common divisor of 32 and 2312?
8
What is the highest common factor of 11461 and 73?
73
What is the greatest common divisor of 48 and 96?
48
What is the greatest common factor of 3454 and 314?
314
What is the greatest common divisor of 575 and 46?
23
Calculate the greatest common factor of 8 and 298.
2
What is the greatest common divisor of 19 and 95?
19
Calculate the greatest common divisor of 2 and 165.
1
Calculate the highest common factor of 1538 and 2.
2
What is the greatest common factor of 12 and 6348?
12
What is the highest common factor of 276 and 3381?
69
Calculate the greatest common factor of 26 and 2704.
26
Calculate the highest common factor of 2667 and 147.
21
What is the highest common divisor of 342 and 126?
18
What is the highest common factor of 2504 and 8?
8
Calculate the greatest common factor of 420 and 12390.
210
What is the highest common factor of 124 and 16?
4
Calculate the greatest common divisor of 6776 and 1.
1
Calculate the highest common factor of 26 and 2782.
26
What is the highest common divisor of 15941 and 19?
19
What is the greatest common divisor of 6438 and 174?
174
Calculate the highest common factor of 360 and 1520.
40
Calculate the highest common factor of 46 and 598.
46
What is the greatest common divisor of 11 and 22?
11
What is the highest common factor of 14 and 2702?
14
What is the greatest common factor of 26 and 35542?
26
What is the highest common factor of 4307 and 118?
59
Calculate the greatest common factor of 1748 and 276.
92
Calculate the greatest common divisor of 2117 and 73.
73
Calculate the greatest common factor of 2924 and 774.
86
What is the highest common factor of 1323 and 49?
49
Calculate the highest common divisor of 114802 and 122.
122
Calculate the greatest common divisor of 36 and 172.
4
What is the greatest common divisor of 165 and 5115?
165
What is the greatest common factor of 24 and 1608?
24
What is the highest common divisor of 36 and 81?
9
Calculate the highest common divisor of 77 and 19635.
77
Calculate the greatest common factor of 39 and 12.
3
Calculate the highest common divisor of 447 and 3.
3
What is the highest common divisor of 22880 and 44?
44
Calculate the greatest common factor of 4 and 212.
4
Calculate the highest common divisor of 98 and 58114.
98
Calculate the highest common factor of 1134 and 84.
42
What is the highest common divisor of 615 and 165?
15
Calculate the highest common factor of 1818 and 15.
3
Calculate the greatest common factor of 266 and 11837.
133
What is the greatest common divisor of 18 and 22?
2
What is the highest common divisor of 79 and 50639?
79
What is the greatest common factor of 230 and 20?
10
Calculate the highest common divisor of 133 and 76.
19
Calculate the greatest common factor of 45 and 72.
9
Calculate the highest common divisor of 3060 and 68.
68
What is the highest common factor of 9 and 342?
9
What is the greatest common factor of 23 and 25139?
23
Calculate the greatest common divisor of 364 and 39.
13
Calculate the highest common divisor of 65 and 260.
65
Calculate the highest common divisor of 1775 and 2059.
71
Calculate the greatest common divisor of 10028 and 92.
92
What is the greatest common divisor of 17652 and 12?
12
What is the highest common divisor of 1292 and 4?
4
Calculate the greatest common divisor of 280 and 120.
40
Calculate the highest common factor of 7595 and 1240.
155
What is the greatest common divisor of 28 and 224?
28
What is the highest common divisor of 2070 and 5382?
414
What is the greatest common divisor of 1200 and 48?
48
Calculate the greatest common factor of 152 and 2983.
19
Calculate the greatest common divisor of 2637 and 153.
9
Calculate the highest common divisor of 48 and 624.
48
What is the greatest common factor of 15 and 10935?
15
What is the greatest common divisor of 390 and 60?
30
What is the greatest common divisor of 20239 and 111?
37
Calculate the highest common divisor of 12000 and 100.
100
What is the greatest common divisor of 992 and 16?
16
What is the highest common divisor of 234 and 477?
9
What is the greatest common factor of 3577 and 245?
49
What is the highest common divisor of 252 and 112?
28
What is the greatest common factor of 129 and 5977?
43
Calculate the highest common divisor of 23 and 5520.
23
Calculate the highest common factor of 9 and 441.
9
What is the greatest common divisor of 7 and 7?
7
Calculate the highest common divisor of 17 and 57545.
17
What is the greatest common divisor of 273 and 9?
3
Calculate the highest common factor of 5820 and 679.
97
Calculate the highest common divisor of 13 and 767.
13
Calculate the greatest common factor of 13066 and 1112.
278
Calculate the greatest common factor of 18 and 711.
9
What is the greatest common divisor of 992 and 32?
32
Calculate the greatest common factor of 645 and 15.
15
What is the greatest common divisor of 8 and 62?
2
Calculate the greatest common divisor of 32 and 160.
32
Calculate the greatest common factor of 14074 and 186.
62
Calculate the greatest common divisor of 58 and 29.
29
Calculate the highest common divisor of 630 and 819.
63
Calculate the greatest common div